 digit of ((-174)/w)/(o + 30/12)?
7
Suppose 453*g = 449*g + 4684. Suppose 0 = 4*d - 0*d - 16, -g = -m - 3*d. What is the hundreds digit of m?
1
Let b(n) = -5441*n + 197. What is the units digit of b(-1)?
8
Let a be (-649)/(-2) + (35/10 - 2). Let q = 626 - a. Suppose 3*g - 2*j - q = 57, 2*g - 239 = j. What is the units digit of g?
1
Let t(o) = o**2 - 16*o - 127. Suppose 1338 = 23*y + 395. What is the hundreds digit of t(y)?
8
Let v(q) = -113*q - 28. Let u be 4/26 + (-164)/52. What is the tens digit of v(u)?
1
Suppose -14*d + 586 = -212. Suppose 44*t + 9204 = d*t. What is the units digit of t?
8
Let v(r) = 2*r**3 + 9*r**2 - 10*r - 10. What is the hundreds digit of v(15)?
6
Suppose 20 = 8*d - 13*d. Let q be -1 + 2/((d/102)/(-1)). Suppose -3*a + 4*b = -10, b + q = 3*a + 5*b. What is the tens digit of a?
1
Let o be 20/6*(72/10 - 3). What is the hundreds digit of ((-1356)/o)/((-50)/350)?
6
Let g(h) = 15*h + 448. Let x be g(-30). What is the units digit of (34 - x)*(7 - 305/(-15))?
4
Let x be ((-28)/6 + 4)*-6. Let c be -2 - (-24)/x - 0. Suppose 5*r + 20 = 0, -4*z = z - c*r - 401. What is the tens digit of z?
7
Suppose -23*m = -18*m - 3725. Let f = -272 + m. What is the hundreds digit of f?
4
Let x = 216 - 150. Let f = -122 - -83. Let l = x + f. What is the tens digit of l?
2
Let d = 49 - 50. Let x be (-4)/d - (1 - -2)/3. Suppose -g + 99 = -4*p + 3*p, -315 = -x*g - 3*p. What is the tens digit of g?
0
Let g(y) = -8*y + 3. Let s(b) = 6 - 7 - 1 + 7*b. Let q(m) = -3*g(m) - 4*s(m). What is the tens digit of q(-9)?
3
Let v(l) be the second derivative of -l**5/20 + 5*l**4/6 - 7*l**3/6 + 6*l**2 + 23*l. What is the tens digit of v(9)?
3
Let n = -1432 - -5974. What is the tens digit of n?
4
Let p(s) = 850*s - 590. What is the ten thousands digit of p(19)?
1
Suppose t + 2*h + 2814 = 2*t, -14052 = -5*t + 4*h. Suppose 109*w - 101*w = t. What is the units digit of w?
1
Suppose 67 = -1499*a + 1500*a. Let z(t) = -t**3 - 7*t**2 - 7*t + 5. Let n be z(-6). Let b = a + n. What is the units digit of b?
8
Suppose 7*x - 22394 - 48704 = 26496. What is the ten thousands digit of x?
1
Suppose 9*m = -0*m - 1269. Let x = 79 - m. Suppose 2*c - 2*h + 0*h - x = 0, 0 = -5*c - 4*h + 532. What is the units digit of c?
8
Let u(y) = 3*y**2 - 21*y + 4. Let i be u(7). Suppose -5*t = -5*v - 425, 2*v - 376 = -i*t - 3*v. What is the tens digit of t?
8
Suppose 2*m + 3*r = -8, -5*r + 4*r = -4*m - 2. Let x(l) = -21*l + 7. Let h be x(-4). Let i = h + m. What is the units digit of i?
0
Let s = -10 - -12. Let m be 5/s - 24/48. Suppose -m*j - 58 = -o - 2*o, j + 85 = 5*o. What is the tens digit of o?
1
Let k be 1 + -8 + 20 + -8. What is the units digit of 2/(-1)*(k + (-1715)/14)?
5
Let r = 39 + -37. Suppose 5*t - 3 = r, -2*n + t - 5 = 0. What is the tens digit of 328/(-4)*(n - -1)?
8
Let j(m) = 30*m**3 - 3*m**2 + 4. Suppose -5*g = -a + 3*a + 21, 0 = 4*g + 20. Let r be j(a). Let y = r - 158. What is the units digit of y?
4
Suppose 2*l - 22 = -10. Suppose -11*v + 10 = -l*v. Let g(h) = 4*h + 4. What is the units digit of g(v)?
2
Let j(s) = 13*s**3 + 75*s**2 - 758*s + 11. What is the thousands digit of j(12)?
4
Let v = -1011 - -2938. Let d = v - 1008. What is the units digit of d?
9
Let a(v) = v**3 + 9*v**2 - 4*v + 9. Suppose -8*o = -3*o - 75. Let q = -24 + o. What is the units digit of a(q)?
5
Let x be 1/2*(389 + 3) - 3. Suppose 2817 = 196*y - x*y. What is the units digit of y?
9
Let n = 13353 - 250. What is the thousands digit of n?
3
Suppose 28*b - 39222 = -24*b + 34*b. What is the hundreds digit of b?
1
Suppose -5*v + 4*t + 125 = 0, 19*t - 20*t = -4*v + 100. Suppose -3*s - 2*s = -v, 3*h - s = 3034. What is the tens digit of h?
1
Let p = 40137 + -17185. What is the tens digit of p?
5
Suppose -20 = -14*r - 160. What is the tens digit of (44/r)/((108/690)/(-9))?
5
Let d(t) = -t**2 - 200*t + 2184. What is the hundreds digit of d(0)?
1
Let x be 165/(-105) - (-8)/14. Let j be ((-88)/(-16))/(x/2). Let m(i) = -i**2 - 11*i + 17. What is the units digit of m(j)?
7
Suppose f - 23 - 4 = 0. Let m(l) = 38 + 4*l**2 - 3*l**2 - 2*l - f. What is the units digit of m(7)?
6
Suppose 55*m + 21 = 62*m. Suppose -2*s = -3*c - 7, 2*s + 2*s - m*c - 5 = 0. What is the tens digit of s + 2 - (-5 - -7) - -198?
9
Suppose 0 = 4*x + 12, -24*d + 22*d + x = -79287. What is the units digit of d?
2
Let r(j) = -230*j - 10 + 0 - 5 + 1. What is the tens digit of r(-2)?
4
Suppose -481*y = -486*y - 25. Let t(u) = 17 + 7 + 2*u + 2 + 3*u. What is the units digit of t(y)?
1
Suppose 14*b = -22195 + 114609. What is the tens digit of b?
0
Suppose b + b + 4*z = 28918, -5*b + 5*z = -72205. What is the thousands digit of b?
4
Suppose -29 - 19 = -3*l. Suppose 3*g = -3*i + 258, -154 = -2*i + 9*g - 5*g. What is the units digit of (i - -2)*l/20?
8
Let q(b) = 5973*b + 8083. What is the thousands digit of q(7)?
9
Suppose 4*q = -8, 0 = 2*o + 5*q - 15487 + 1115. What is the hundreds digit of o?
1
What is the units digit of ((-238635)/10*-2)/((-30)/4 - -9)?
8
Let b(s) = -s**3 + 4*s**2 + 15*s + 11. Let h be b(6). Suppose -25*i = -h*i + 496. What is the units digit of i?
4
Let f be (-1)/3 - 6/(-18). Let v be 70 - f - (4 + 0). Let i = v - -21. What is the units digit of i?
7
What is the units digit of 1507300/45 - 52/(-117)?
6
Let i be 5348/12 + 4/(3 - -9). Suppose 4*k = -2*a + 2378, 3*k = 5*a + i + 1331. What is the hundreds digit of k?
5
Suppose 5*l = 17*l + 3024. Let f = 426 + l. What is the units digit of f?
4
Suppose 16881 = 3*z + 3*v, -2*z = -2*v - 7198 - 4036. What is the tens digit of z?
2
What is the units digit of 124234/(-110)*(4 + (-18)/2)?
7
Let x(k) = -1903*k + 633. What is the hundreds digit of x(-6)?
0
What is the hundreds digit of ((-6162840)/99)/(-17) - (-2)/11?
6
Let j = 291 + -220. Suppose -2*q - 2*q = -v - 147, 0 = 4*q - 3*v - 137. Let s = j - q. What is the tens digit of s?
3
Let s = 81842 - 56936. What is the hundreds digit of s?
9
Let f(i) = 6 - 36*i + 21 - 47. What is the tens digit of f(-46)?
3
Suppose -126*v + 1414456 = -33*v - 952022. What is the thousands digit of v?
5
Let a be (48/56)/((-6)/(-56)). What is the units digit of 2518/10 - (a/(-5))/8?
2
Suppose -1499 = -2*s + 3*v, -5*v + 0*v = -4*s + 2995. Suppose -2*f = 4*z - 1054, -5*z - 4*f + 2064 = s. What is the tens digit of z?
6
Let u = -9248 + 49409. What is the ten thousands digit of u?
4
Let y(x) = x**3 - 29*x**2 + 29*x - 27. Let b be y(28). What is the hundreds digit of ((-300)/(-40))/(b/60)?
4
Let z = 42 - 35. Let v(s) = -z*s**2 + 12*s**2 - 5 - 4*s**2 - 3 + s. What is the units digit of v(4)?
2
Suppose -4*i = 4*l - 0*i - 8, 4*l - 10 = -3*i. Let u be (-2)/16 + 5643/24. Suppose -3*a = -a + w - u, 240 = 2*a - l*w. What is the tens digit of a?
1
Suppose 4*c + 5*x = 4517, -10*c - 3*x = -5*c - 5630. What is the thousands digit of c?
1
Let h(z) be the third derivative of -z**5/60 + 5*z**4/6 - 5*z**3 + 71*z**2. What is the tens digit of h(13)?
6
Suppose 0 = -5*g + 3*g - 20. Let q be ((-138)/(-10))/((-1)/g). Let i = 288 - q. What is the tens digit of i?
5
Suppose -6*t + 21 = -5*t. Let v(u) = -1 + 5 + t*u - u**2 - 32*u + 5. What is the units digit of v(-8)?
3
Let q(o) = -o**3 - o**2 + 10*o - 314. What is the tens digit of q(-20)?
8
Suppose 11*f - 72*f + 4801668 = 48*f. What is the ten thousands digit of f?
4
Suppose 25489 = 7*c + 11753 - 63250. What is the ten thousands digit of c?
1
Let g be 212*(3 - 2)*2. Let m(h) = h**2 + 32*h - 326. Let v be m(8). What is the hundreds digit of (-6)/2*(2 + g/v)?
2
Let c(f) = f**3 + 9*f**2 + 4*f - 26. Let j(v) = -v**3 - 10*v**2 - 4*v + 25. Let r(l) = -5*c(l) - 6*j(l). Suppose g + 21 = 7. What is the hundreds digit of r(g)?
1
Let f(t) = 2*t**2 - 40*t + 7. Let i be 26 + (-3)/((-24)/64). What is the units digit of f(i)?
9
What is the tens digit of (-308)/22 - 7356/(-1)?
4
Let x(s) = s - 21. Let t be x(20). What is the units digit of 5 + 1*-2 + t + 319?
1
Suppose 4*f - 23 = -7. Let y(s) = 11*s**2 - 2*s - 4. What is the hundreds digit of y(f)?
1
What is the tens digit of (940/50 + -18)/((-2)/(-4885))?
5
Suppose 0 = -2*z - 3*h + 43734, 3*z + 2*z = 5*h + 109410. What is the hundreds digit of z?
8
Let t(h) = 37*h**3 + 16*h**2 + 27*h - 11. What is the thousands digit of t(5)?
5
Let o(c) = -c**3 + 13*c**2 - 21*c - 7. Let q be o(11). Suppose -2*v - 314 = -